+ 60 - (28 + -7)?
-11
(-42 + 13 - -3 - -10) + 1
-15
8 + (10 - (12 - 34 - -13))
27
Calculate (-4 - -2 - 0) + 16 + -2 + 7.
19
What is -2 - (18 - 3) - 9 - -4?
-22
Calculate -7 - (7 + -10 + -1 + 4 + -6).
-1
-15 + -5 + (9 - -9)
-2
Calculate -34 - ((11 - -4 - 13) + -8).
-28
What is the value of (-14 - (2 + 2 + -5)) + 35?
22
What is the value of (-1 - 1) + (8 + -25 - -6)?
-13
Evaluate 7 + (8 + -18 - -8) + 4.
9
Evaluate (7 - -6) + (1 - (-2 - -9 - -3)).
4
What is the value of 2 - -10 - (-20 + 32)?
0
What is (7 + -7 - 13) + 26?
13
What is -12 + (15 - 8) + -11?
-16
What is (55 - 50) + -11 + (-4 - 4)?
-14
Evaluate 1 + (9 + 5 - (-29 - -27)).
17
What is the value of 0 - (-19 + 4) - (6 + 2)?
7
2 - -13 - ((-2 - -11) + (180 - 192))
18
10 + -8 - (-4 + -6)
12
Calculate -7 + (26 - (-39 + 32)).
26
What is -16 + (52 - 25) + -35?
-24
What is 3 + -20 + 155 + -149?
-11
What is the value of (4 + 1 - -5) + -13?
-3
Evaluate 7 + (-5 - 4) + -6 + -9.
-17
(-16 - (-7 + 5)) + -45 + 34
-25
What is the value of -7 + -2 + -5 + 33 + (-6 - 1)?
12
Evaluate -8 - (3 - 2 - (-4 + 31)) - 4.
14
Evaluate (-4 - -4) + (4 - 16) + (1 - 0).
-11
What is the value of -6 + 5 + -1 + -5?
-7
Evaluate 1 + (-5 - -13 - (3 - -3)) + 5.
8
27 - 4 - (94 + -52)
-19
Calculate 0 - -1 - (-3 + (24 - 8)).
-12
Calculate (-31 + 31 - 3) + 1 + -10.
-12
Evaluate 5 + 4 + (-10 - 2) + 5.
2
Evaluate 66 - 71 - (3 + 0 + 4 + -2).
-10
-23 - (-16 - (22 - -2))
17
What is the value of -1 + -4 + 0 - (-1 + -4)?
0
What is the value of (7 + 9 - (10 + 0)) + (-8 - 1)?
-3
What is (-10 - (-1 + 2)) + 227 + -221?
-5
Evaluate -9 + 0 - -7 - ((1 - 3) + -5).
5
What is the value of (3 - 3 - -6) + (-21 - -6)?
-9
What is -8 + (-2 - (2 + 0) - -2 - -10)?
0
2 + (-12 - (-10 - -9))
-9
-10 + 1 + (2 - (22 + -27))
-2
What is 6 + -31 + (62 - 12 - 32)?
-7
2 - (2 + -6 + 4 + 10 + -4)
-4
(29 - 56 - -21) + 2 + 12
8
What is the value of (-4 - (4 + -3)) + 2 + (108 - 82)?
23
What is the value of 25 - (-3 - -4) - 9?
15
What is the value of 5 - (-3 + (3 - 5))?
10
Evaluate (1 - 5) + 13 + -8 + (5 - 7).
-1
What is the value of (-20 - -40) + (-8 - -4)?
16
What is -5 - (-6 - (2 + -7 + 8))?
4
Evaluate -1 + -10 + 1 + -3 + -1.
-14
What is (6 - (14 - 7) - 8) + 6?
-3
Evaluate 1 - (-7 + (32 + -26 - (0 + -3))).
-1
Calculate 11 - (6 - 1) - (15 + -6).
-3
Evaluate -15 - (-4 - 13) - (-1 + 8) - -27.
22
Evaluate (7 + -34 - -12) + -5.
-20
18 - ((-29 - -20) + 1)
26
Evaluate -3 - (0 - -4) - (-29 - -26).
-4
Calculate -2 + 0 - -2 - ((5 - -8) + -14).
1
Calculate 9 + -8 + 34 + -5 - 7.
23
-2 + 19 - (21 + -9) - 8
-3
Calculate -1 - ((-42 - -46) + (-5 - -1)) - -5.
4
What is the value of (-27 - (-14 - 6)) + 22?
15
11 + 3 + -32 - -6
-12
Evaluate (13 + -17 - -22) + (-2 - -3) + 4.
23
Evaluate 0 + (1 - 5) + (-31 - -25) + 7.
-3
What is 0 - 0 - (56 - 59) - -8?
11
(-3 + -3 - (-4 + 2)) + -8
-12
What is 9 - (-9 - -24) - -8 - (6 - -16)?
-20
6 + -12 + 5 - -16
15
What is the value of 13 + (-20 - -11) + -2?
2
Calculate -58 + 54 + (5 - 3 - -2 - -3).
3
8 + (7 - 8 - 6) - -16 - 6
11
What is 19 - (0 + -1) - (121 - 127)?
26
What is the value of (3 - 4) + (33 - 17) + -9 + 3?
9
What is the value of 8 + -3 + 2 + -6 + 24 - 5?
20
-6 + 0 + 6 + -6 + 4 + 5
3
Calculate -40 - -74 - -6 - 65.
-25
1 - (-9 - (-2 + (0 - (0 - -1))))
7
Evaluate 1 + -9 + 27 - (35 + -6).
-10
Evaluate 9 - (-8 + (-1 - (11 - 18))).
11
Calculate (-2 + -10 - -20) + -7.
1
(-2 - (20 + -17)) + -2
-7
What is (3 - (3 - 16 - -7 - -12)) + 11?
8
Evaluate (771 - 727) + (-17 - -2).
29
What is -6 + (-6 - -9) + 2 + 3?
2
What is 69 + -44 + -29 - -26?
22
5 + (4 - (-1 + 14)) + 2
-2
Calculate -27 + 14 + 8 + 26.
21
(-4 - (0 + -9)) + -3 + -4 + 1
-1
Calculate 18 - (6 + -14) - 20.
6
What is the value of -4 + 1 + 1 + -6 - (2 + 0)?
-10
What is the value of -6 - (-14 - (12 + -3 + -3))?
14
What is the value of 11 - (5 + 1 + 8 + -9 - 11)?
17
Evaluate -16 + 0 - (106 + -109).
-13
0 - (15 + -7 + -8) - -17
17
Calculate -13 + 24 - (7 + -3 + 8).
-1
Calculate 30 + (25 - (-23 - -66)).
12
What is (-3 - 11) + 6 + (15 - 11)?
-4
What is the value of (-260 - -242) + 22 + -1?
3
What is 6 - -1 - (13 - -12 - 29)?
11
What is 0 - 19 - (344 - 358)?
-5
(35 - 1) + -9 + 3 - (13 + -3)
18
What is -436 - -411 - (-14 + -2)?
-9
What is -8 - ((-1 - 0) + -1 - (-103 + 104))?
-5
12 + (9 - ((11 - 6) + -10 + 11))
15
What is the value of -3 - (2 + -2 + (-1 - -4))?
-6
-6 + -12 + 12 + -32
-38
Evaluate 12 + 4 + -18 + -3.
-5
Calculate -69 + 89 - (7 - 3).
16
What is the value of (-11 - 5) + -2 - 1 - -11?
-8
Calculate (14 - 22) + -15 + 20.
-3
(67 - 71) + 2 + -9
-11
Calculate (7 - 1) + 1 + (-18 - (-14 + 8)).
-5
What is the value of -18 + (6 - -1) + 43 - 11?
21
Calculate 5 + (-1 - -4) + (1 - (-3 + 0)).
12
What is the value of (-3 - (15 - 3 - 7)) + -18?
-26
What is the value of -17 - (-3 + (12 - (3 + 0)) + -7)?
-16
13 + -10 + 4 - (-4 - -16)
-5
Calculate -16 - ((8 - 23) + -10).
9
What is -41 - (-27 - -15) - -49?
20
What is 0 + 0 + 6 - (2291 + -2306)?
21
Calculate -2516 + 2500 + (45 - 1).
28
-10 - (-2 + -5 - -1)
-4
Calculate -3 + -2 + 34 + -6.
23
What is the value of -8 - ((33 - 17) + -10 + (-14 - 1))?
1
Evaluate 2 - -1 - (-7 - (-10 + -4)).
-4
-8 - (-1 - 4) - (1 - 12)
8
Calculate -7 + 6 + -3 + (40 - 10).
26
Calculate -1 - 7 - (-3 + -10 + 1 + 19).
-15
What is the value of 5 + 12 + -7 + -10?
0
What is the value of -11 - -2 - (87 + -85)?
-11
Calculate -1 + 6 - -1 - (6 + (-13 - -23)).
-10
-9 + 3 + (-22 - -17)
-11
Calculate (-35 - -1) + (-857 - -887).
-4
What is 6 + -8 + 8 + -6 - (-1 + 1)?
0
Evaluate -5 + (-135 + 130 - (0 + 9)).
-19
Calculate (15 - 16) + -6 - -14.
7
What is the value of 5 + -3 - (25 - 17)?
-6
(-8 + 12 - 20) + 14
-2
Evaluate (4 + -7 - -2) + (15 - -3 - -3).
20
Calculate 0 + -5 - (-12 - 2 - (18 - 27)).
0
(0 - 7) + 14 - (1 + 1)
5
Evaluate -36 + 1 + -31 + 17 + 30.
-19
Calculate -29 + -2 - (-8 + -1 - (-17 + 10)).
-29
Calculate -19 + 3 - (7 - 23) - -5.
5
What is the value of (1 - 1 - 4) + -6?
-10
Calculate (-8 + 2 + 7 - (-15 + 0)) + 10.
26
What is the value of 13 + (14 - 41) + 17?
3
Calculate 8 + -3 + 15 + -16 + 3.
7
What is the value of -10 + 1 - (-9 + 1 + -2)?
1
What is -271 - -290 - (12 - -1)?
6
Evaluate -15 - 1 - (-3 + -9 - -7).
-11
What is the value of -10 - ((2 - 35) + 16)?
7
What is the value of 9 + (9 + -9 - 15)?
-6
What is 9 - (22 - 17) - (2 + (-2 - 11))?
15
What is -7 - ((-16 - -13) + 4)?
-8
Calculate -15 + (22 - 3) + -9 - -2.
-3
What is -11 - 0 - (19 - 0 - 30)?
0
What is the value of -4 + (3 + 3 - 10) + 4?
-4
What is the value of 11 + (-6 + -2 - -3) - 9 - -5?
2
What is the value of 34 + (-29 - (11 + 7))?
-13
What is (46 - 74) + 7 + 6?
-15
What is -4 + 12 + 17 + -9?
16
Evaluate 6 + 24 - 41 - 2.
-13
What is -118 + 125 - (-1 + 19)?
-11
Evaluate (1 - 0 - (78 + -76) - -5) + 6.
10
Calculate 9 + (-2 - (15 + -7)).
-1
-2 + (-2 - 1) - (19 - 8 - 8)
-8
What is the value of -1 + (19 - (-8 - -1) - 1) + -7?
17
Evaluate 38 - (36 + (18 - 33)).
17
What is (-25 - -33) + -32 + 10?
-14
Evaluate -1 + -1 + -11 + 21.
8
3 + -3 + 10 + (-17 - 7)
-14
Evaluate -2 + (-7 - -6) + (-8 - -2).
-9
-27 - ((8 - 7 - -4) + -17)
-15
Evaluate 0 + (-61 + 25 - -73).
37
Calculate -3 + 4 - (-9 - (19 + -19)).
10
What is the value of (5 + -16 - 1 - 1 - -9) + -1?
-5
0 + -14 + (2 - (8 - -12)) + 20
-12
What is the value of (-12 - -7) + 7 + 0 + 1?
3
Calculate -12 - (15 + 2 - 20).
-9
Calculate 280 + -279 + (0 - (-1 - -6)) + -11.
-15
Evaluate 12 + 12 + -14 + 7.
17
What is -4 - -11 - ((4 - -10) + (3 - -2))?
-12
What is the value of 12 - (17 - 23 - 1)?
19
2 - ((-28 - -13) + 15)
2
What is the value of (2 - 0) + (-3 - -16)?
15
What is -67 - -36 - (-12 + 4)?
-23
16 + (-10 - 5) - (47 - 11)
-35
Evaluate (3 - (39 - 45)) + (-36 - (1 + -2)).
-26
Calculate 14 - ((19 - 14) + -3) - 29.
-17
What is -37 + (13 - (-15 + 40) - -16)?
-33
What is 6 + (-6 + 13 + -6 - 4)?
3
What is the value of 2 + -6 + 4 + 0 - (-10 - -16)?
-6
What is 14 + -19 + -3 + 13?
5
Calculate 6 - (1 + 2 + 3) - (-5 + 1).
4
What is the value of (-7 - (3 + -3)) + 3 + (11 - 5)?
2
Calculate 1 + (-6 - (-4 + (-5 - -12) - 6)).
-2
What is the value of -12 + -8 + 23 + -12?
-9
(-1 - (-3 + 1)) + -6 - -7
2
Evaluate 0 + -5 - (-17 - (-3 + 4)).
13
0 + -6 - (-28 + -10 + -22 + 21)
33
Evaluate 3 + (14 - 47) + 14.
-16
What is -28 - (10 - (14 + -12 + 5))?
-31
Calculate -9 + (-13 - -16) + 0 + -15 - -7.
-14
What is the value